{"id":9,"date":"2024-01-29T16:59:04","date_gmt":"2024-01-29T15:59:04","guid":{"rendered":"https:\/\/antoinetome.fr\/?page_id=9"},"modified":"2026-01-30T14:38:28","modified_gmt":"2026-01-30T13:38:28","slug":"accueil","status":"publish","type":"page","link":"https:\/\/antoinetome.fr\/","title":{"rendered":"Accueil"},"content":{"rendered":"\n<div class=\"wp-block-columns are-vertically-aligned-center is-layout-flex wp-container-core-columns-is-layout-9d6595d7 wp-block-columns-is-layout-flex\">\n<div class=\"wp-block-column is-vertically-aligned-center is-layout-flow wp-block-column-is-layout-flow\">\n<p class=\"has-text-align-right\"><strong>Antoine Tom\u00e9 pour les PROS :<\/strong><\/p>\n<\/div>\n\n\n\n<div class=\"wp-block-column is-vertically-aligned-center is-layout-flow wp-block-column-is-layout-flow\">\n<div class=\"wp-block-columns is-layout-flex wp-container-core-columns-is-layout-9d6595d7 wp-block-columns-is-layout-flex\">\n<div class=\"wp-block-column is-layout-flow wp-block-column-is-layout-flow\"><div class=\"wp-block-image\">\n<figure class=\"aligncenter size-full is-resized\"><a href=\"https:\/\/www.castingmachine.com\/antoinetome\" target=\"_blank\" rel=\"noreferrer noopener\"><img loading=\"lazy\" decoding=\"async\" width=\"200\" height=\"58\" src=\"https:\/\/antoinetome.fr\/wp-content\/uploads\/2024\/01\/castingmachine-3.jpg\" alt=\"\" class=\"wp-image-658\" style=\"width:132px;height:auto\"\/><\/a><\/figure>\n<\/div><\/div>\n\n\n\n<div class=\"wp-block-column is-layout-flow wp-block-column-is-layout-flow\"><div class=\"wp-block-image\">\n<figure class=\"aligncenter size-full\"><a href=\"https:\/\/www.voxingpro.com\/antoine-tome\" target=\"_blank\" rel=\"noreferrer noopener\"><img loading=\"lazy\" decoding=\"async\" width=\"191\" height=\"50\" src=\"https:\/\/antoinetome.fr\/wp-content\/uploads\/2024\/01\/voxing-pro.jpg\" alt=\"\" class=\"wp-image-641\"\/><\/a><\/figure>\n<\/div><\/div>\n\n\n\n<div class=\"wp-block-column is-layout-flow wp-block-column-is-layout-flow\"><div class=\"wp-block-image\">\n<figure class=\"aligncenter size-full\"><a href=\"https:\/\/www.youtube.com\/@antoinetome5765\" target=\"_blank\" rel=\"noreferrer noopener\"><img loading=\"lazy\" decoding=\"async\" width=\"158\" height=\"43\" src=\"https:\/\/antoinetome.fr\/wp-content\/uploads\/2024\/01\/youtube.jpg\" alt=\"\" class=\"wp-image-642\"\/><\/a><\/figure>\n<\/div><\/div>\n<\/div>\n<\/div>\n<\/div>\n\n\n\n\n\n\n<hr class=\"wp-block-separator has-alpha-channel-opacity\"\/>\n\n\n\n<h2 class=\"wp-block-heading has-text-align-center has-black-color has-text-color has-link-color has-medium-font-size wp-elements-7b6950f0f243ee51056de2140f402838\"><strong>BIENVENUE SUR LE SITE D\u2019ANTOINE TOM\u00c9<br>COM\u00c9DIEN, DOUBLEUR VOIX, MUSICIEN, JOUEUR DE TRICARDON ET\u2026 ARTISTE PEINTRE \u00c0 SES HEURES PERDUES !<\/strong> <\/h2>\n\n\n\n<figure class=\"wp-block-table is-style-regular has-medium-font-size\"><table class=\"has-luminous-vivid-amber-background-color has-background\"><tbody><tr><td class=\"has-text-align-center\" data-align=\"center\"><strong>LES PROCHAINS CONCERTS:<\/strong><\/td><\/tr><\/tbody><\/table><\/figure>\n\n\n\n<div class=\"wp-block-media-text is-stacked-on-mobile\" style=\"grid-template-columns:72% auto\"><figure class=\"wp-block-media-text__media\"><img loading=\"lazy\" decoding=\"async\" width=\"1024\" height=\"536\" src=\"http:\/\/antoinetome.fr\/wp-content\/uploads\/2026\/01\/connetable-facebook-FEVRIER-2026-1024x536.jpg\" alt=\"\" class=\"wp-image-1483 size-full\" srcset=\"https:\/\/antoinetome.fr\/wp-content\/uploads\/2026\/01\/connetable-facebook-FEVRIER-2026-1024x536.jpg 1024w, https:\/\/antoinetome.fr\/wp-content\/uploads\/2026\/01\/connetable-facebook-FEVRIER-2026-300x157.jpg 300w, https:\/\/antoinetome.fr\/wp-content\/uploads\/2026\/01\/connetable-facebook-FEVRIER-2026-768x402.jpg 768w, https:\/\/antoinetome.fr\/wp-content\/uploads\/2026\/01\/connetable-facebook-FEVRIER-2026.jpg 1250w\" sizes=\"auto, (max-width: 1024px) 100vw, 1024px\" \/><\/figure><div class=\"wp-block-media-text__content\">\n<h2 class=\"wp-block-heading has-text-align-center has-large-font-size\"><strong>CONCERT<\/strong><\/h2>\n\n\n\n<p class=\"has-text-align-center\">Le 18 f\u00e9vrier 2026 20h30<br>au Conn\u00e9table<br>55, rue des Archives 75003 PARIS<\/p>\n\n\n\n<p class=\"has-text-align-center\">Entr\u00e9e Libre<\/p>\n\n\n\n<p class=\"has-text-align-center has-small-font-size\"><em>Chapeau pour les artistes<\/em><\/p>\n<\/div><\/div>\n\n\n\n<div class=\"wp-block-group is-nowrap is-layout-flex wp-container-core-group-is-layout-ad2f72ca wp-block-group-is-layout-flex\">\n<div class=\"wp-block-media-text is-stacked-on-mobile\" style=\"grid-template-columns:72% auto\"><figure class=\"wp-block-media-text__media\"><img loading=\"lazy\" decoding=\"async\" width=\"600\" height=\"314\" src=\"https:\/\/antoinetome.fr\/wp-content\/uploads\/2025\/10\/connetable-facebook-oct.jpg\" alt=\"\" class=\"wp-image-1412 size-full\" srcset=\"https:\/\/antoinetome.fr\/wp-content\/uploads\/2025\/10\/connetable-facebook-oct.jpg 600w, https:\/\/antoinetome.fr\/wp-content\/uploads\/2025\/10\/connetable-facebook-oct-300x157.jpg 300w\" sizes=\"auto, (max-width: 600px) 100vw, 600px\" \/><\/figure><div class=\"wp-block-media-text__content\">\n<h2 class=\"wp-block-heading has-text-align-center has-large-font-size\"><strong>CONCERT<\/strong><\/h2>\n\n\n\n<p class=\"has-text-align-center\">Le 31 octobre 2025 \u00e0 20h30<br>au Conn\u00e9table<br>55, rue des Archives 75003 PARIS<\/p>\n\n\n\n<p class=\"has-text-align-center\">Entr\u00e9e Libre<\/p>\n\n\n\n<p class=\"has-text-align-center has-small-font-size\"><em>Chapeau pour les artistes<\/em><\/p>\n<\/div><\/div>\n<\/div>\n\n\n\n<hr class=\"wp-block-separator has-alpha-channel-opacity is-style-wide\"\/>\n\n\n\n<div class=\"wp-block-columns is-layout-flex wp-container-core-columns-is-layout-9d6595d7 wp-block-columns-is-layout-flex\">\n<div class=\"wp-block-column is-layout-flow wp-block-column-is-layout-flow\" style=\"flex-basis:33.33%\">\n<figure class=\"wp-block-image size-full\"><img loading=\"lazy\" decoding=\"async\" width=\"1132\" height=\"1600\" src=\"http:\/\/antoinetome.fr\/wp-content\/uploads\/2026\/01\/143461ad-17b5-4adb-a4ce-90ce8415d910.jpg\" alt=\"\" class=\"wp-image-1484\" srcset=\"https:\/\/antoinetome.fr\/wp-content\/uploads\/2026\/01\/143461ad-17b5-4adb-a4ce-90ce8415d910.jpg 1132w, https:\/\/antoinetome.fr\/wp-content\/uploads\/2026\/01\/143461ad-17b5-4adb-a4ce-90ce8415d910-212x300.jpg 212w, https:\/\/antoinetome.fr\/wp-content\/uploads\/2026\/01\/143461ad-17b5-4adb-a4ce-90ce8415d910-724x1024.jpg 724w, https:\/\/antoinetome.fr\/wp-content\/uploads\/2026\/01\/143461ad-17b5-4adb-a4ce-90ce8415d910-768x1086.jpg 768w, https:\/\/antoinetome.fr\/wp-content\/uploads\/2026\/01\/143461ad-17b5-4adb-a4ce-90ce8415d910-1087x1536.jpg 1087w\" sizes=\"auto, (max-width: 1132px) 100vw, 1132px\" \/><\/figure>\n<\/div>\n\n\n\n<div class=\"wp-block-column is-layout-flow wp-block-column-is-layout-flow\" style=\"flex-basis:66.66%\">\n<h2 class=\"wp-block-heading\"><strong>MOVIES ON THE ROCKS # Edition<\/strong> 2<\/h2>\n\n\n\n<p>PROGRAMME DU FESTIVAL MOVIES ON THE ROCKS <img loading=\"lazy\" decoding=\"async\" height=\"16\" width=\"16\" src=\"https:\/\/static.xx.fbcdn.net\/images\/emoji.php\/v9\/tcc\/2\/16\/1f3ac.png\" alt=\"\ud83c\udfac\">                   Un week-end exceptionnel en mai 2026. \u00c0 noter absolument dans vos agendas :<\/p>\n\n\n\n<p><img loading=\"lazy\" decoding=\"async\" height=\"16\" width=\"16\" alt=\"\u27a1\ufe0f\" src=\"https:\/\/static.xx.fbcdn.net\/images\/emoji.php\/v9\/t1f\/2\/16\/27a1.png\"> 29, 30 et 31 mai 2026<\/p>\n\n\n\n<p><strong>Cinema St Laurent Blain<\/strong><\/p>\n\n\n\n<p><strong>Artistes &amp; invit\u00e9s au rendez-vous : <\/strong>Cali, John Helliwell, Supertramp, Antoine Tom\u00e9, Jacqui Mc Shee, Pentangle, Excalibur, Alan Simon &amp; invit\u00e9s surprises.<\/p>\n\n\n\n<p>Cin\u00e9ma, musique live, \u00e9motions et rock : Movies on the Rocks revient plus fort pour une \u00e9dition encore plus magique !<\/p>\n<\/div>\n<\/div>\n\n\n\n<div class=\"wp-block-columns is-layout-flex wp-container-core-columns-is-layout-9d6595d7 wp-block-columns-is-layout-flex\">\n<div class=\"wp-block-column is-layout-flow wp-block-column-is-layout-flow\" style=\"flex-basis:33.33%\">\n<figure class=\"wp-block-image size-full\"><img loading=\"lazy\" decoding=\"async\" width=\"1080\" height=\"1602\" src=\"https:\/\/antoinetome.fr\/wp-content\/uploads\/2026\/01\/498221850_2441703082866739_917982448987360062_n.jpg\" alt=\"\" class=\"wp-image-1495\" srcset=\"https:\/\/antoinetome.fr\/wp-content\/uploads\/2026\/01\/498221850_2441703082866739_917982448987360062_n.jpg 1080w, https:\/\/antoinetome.fr\/wp-content\/uploads\/2026\/01\/498221850_2441703082866739_917982448987360062_n-202x300.jpg 202w, https:\/\/antoinetome.fr\/wp-content\/uploads\/2026\/01\/498221850_2441703082866739_917982448987360062_n-690x1024.jpg 690w, https:\/\/antoinetome.fr\/wp-content\/uploads\/2026\/01\/498221850_2441703082866739_917982448987360062_n-768x1139.jpg 768w, https:\/\/antoinetome.fr\/wp-content\/uploads\/2026\/01\/498221850_2441703082866739_917982448987360062_n-1036x1536.jpg 1036w\" sizes=\"auto, (max-width: 1080px) 100vw, 1080px\" \/><\/figure>\n<\/div>\n\n\n\n<div class=\"wp-block-column is-layout-flow wp-block-column-is-layout-flow\" style=\"flex-basis:66.66%\">\n<h2 class=\"wp-block-heading\"><strong>MOVIES ON THE ROCKS # \u00e9dition 1<\/strong><\/h2>\n\n\n\n<p>\u00ab\u00a0Movies on the rocks\u00a0\u00bb se d\u00e9roulera les vendredi 8, samedi 9 et dimanche 10 ao\u00fbt 2025 dans la grande salle du cin\u00e9ma convivial de la Tranche.<\/p>\n\n\n\n<p>Ce festival \u00e0 taille humaine (seulement 165 places) vous propose trois jours de bonheur soit six films et six concerts. \u00a0\u00bb Movies on the rocks \u00a0\u00bb privil\u00e9gie la convivialit\u00e9, loin tr\u00e8s loin du strass et des paillettes. Pas de blahblah ni de d\u00e9bats interminables mais plus simplement un chouette film et un concert \u00e0 suivre reprenant quelques titres de la BO mais pas que.. <strong>Le festival se cl\u00f4turera en force avec le merveilleux songwriter Antoine Tom\u00e9 pour une fiesta finale with guests.<\/strong><\/p>\n<\/div>\n<\/div>\n\n\n\n<div class=\"wp-block-columns is-layout-flex wp-container-core-columns-is-layout-9d6595d7 wp-block-columns-is-layout-flex\">\n<div class=\"wp-block-column is-layout-flow wp-block-column-is-layout-flow\">\n<p class=\"has-text-align-center\"><a href=\"https:\/\/cine-agnesvarda.fr\/FR\/45\/evenements-cinema-agnes-varda-la-tranche-sur-mer.html\" target=\"_blank\" rel=\"noreferrer noopener\">Renseignements et r\u00e9servations sur le site du Cin\u00e9ma Agn\u00e9s Varda (en cliquanr ici)<\/a><\/p>\n<\/div>\n<\/div>\n\n\n\n<figure class=\"wp-block-table\"><table class=\"has-luminous-vivid-amber-background-color has-background\"><tbody><tr><td class=\"has-text-align-center\" data-align=\"center\"><strong>Nouvel album<\/strong><\/td><\/tr><\/tbody><\/table><\/figure>\n\n\n\n<div class=\"wp-block-columns is-layout-flex wp-container-core-columns-is-layout-9d6595d7 wp-block-columns-is-layout-flex\">\n<div class=\"wp-block-column is-layout-flow wp-block-column-is-layout-flow\">\n<figure class=\"wp-block-image size-full\"><img loading=\"lazy\" decoding=\"async\" width=\"774\" height=\"774\" src=\"http:\/\/antoinetome.fr\/wp-content\/uploads\/2025\/12\/COUVERTURE.jpg\" alt=\"\" class=\"wp-image-1423\" srcset=\"https:\/\/antoinetome.fr\/wp-content\/uploads\/2025\/12\/COUVERTURE.jpg 774w, https:\/\/antoinetome.fr\/wp-content\/uploads\/2025\/12\/COUVERTURE-300x300.jpg 300w, https:\/\/antoinetome.fr\/wp-content\/uploads\/2025\/12\/COUVERTURE-150x150.jpg 150w, https:\/\/antoinetome.fr\/wp-content\/uploads\/2025\/12\/COUVERTURE-768x768.jpg 768w\" sizes=\"auto, (max-width: 774px) 100vw, 774px\" \/><\/figure>\n<\/div>\n\n\n\n<div class=\"wp-block-column is-layout-flow wp-block-column-is-layout-flow\">\n<figure class=\"wp-block-image size-full\"><img loading=\"lazy\" decoding=\"async\" width=\"750\" height=\"750\" src=\"http:\/\/antoinetome.fr\/wp-content\/uploads\/2025\/12\/verso.jpg\" alt=\"\" class=\"wp-image-1443\" srcset=\"https:\/\/antoinetome.fr\/wp-content\/uploads\/2025\/12\/verso.jpg 750w, https:\/\/antoinetome.fr\/wp-content\/uploads\/2025\/12\/verso-300x300.jpg 300w, https:\/\/antoinetome.fr\/wp-content\/uploads\/2025\/12\/verso-150x150.jpg 150w\" sizes=\"auto, (max-width: 750px) 100vw, 750px\" \/><\/figure>\n<\/div>\n<\/div>\n\n\n\n<div class=\"wp-block-columns is-layout-flex wp-container-core-columns-is-layout-9d6595d7 wp-block-columns-is-layout-flex\">\n<div class=\"wp-block-column is-layout-flow wp-block-column-is-layout-flow\">\n<figure class=\"wp-block-image size-full\"><img loading=\"lazy\" decoding=\"async\" width=\"750\" height=\"750\" src=\"http:\/\/antoinetome.fr\/wp-content\/uploads\/2025\/12\/Romantik-tubes-vol-6.jpg\" alt=\"\" class=\"wp-image-1433\" srcset=\"https:\/\/antoinetome.fr\/wp-content\/uploads\/2025\/12\/Romantik-tubes-vol-6.jpg 750w, https:\/\/antoinetome.fr\/wp-content\/uploads\/2025\/12\/Romantik-tubes-vol-6-300x300.jpg 300w, https:\/\/antoinetome.fr\/wp-content\/uploads\/2025\/12\/Romantik-tubes-vol-6-150x150.jpg 150w\" sizes=\"auto, (max-width: 750px) 100vw, 750px\" \/><\/figure>\n<\/div>\n\n\n\n<div class=\"wp-block-column is-layout-flow wp-block-column-is-layout-flow\">\n<figure class=\"wp-block-image size-full\"><img loading=\"lazy\" decoding=\"async\" width=\"750\" height=\"750\" src=\"http:\/\/antoinetome.fr\/wp-content\/uploads\/2025\/12\/verso-vol-6.jpg\" alt=\"\" class=\"wp-image-1457\" srcset=\"https:\/\/antoinetome.fr\/wp-content\/uploads\/2025\/12\/verso-vol-6.jpg 750w, https:\/\/antoinetome.fr\/wp-content\/uploads\/2025\/12\/verso-vol-6-300x300.jpg 300w, https:\/\/antoinetome.fr\/wp-content\/uploads\/2025\/12\/verso-vol-6-150x150.jpg 150w\" sizes=\"auto, (max-width: 750px) 100vw, 750px\" \/><\/figure>\n<\/div>\n<\/div>\n\n\n\n<figure class=\"wp-block-table\"><table class=\"has-luminous-vivid-amber-background-color has-background\"><tbody><tr><td class=\"has-text-align-center\" data-align=\"center\"><strong>Deux albums et le DVD des clips !<\/strong><\/td><\/tr><\/tbody><\/table><\/figure>\n\n\n\n<div class=\"wp-block-columns are-vertically-aligned-center is-layout-flex wp-container-core-columns-is-layout-9d6595d7 wp-block-columns-is-layout-flex\">\n<div class=\"wp-block-column is-layout-flow wp-block-column-is-layout-flow\">\n<figure class=\"wp-block-image size-full is-resized\"><img loading=\"lazy\" decoding=\"async\" width=\"533\" height=\"300\" src=\"http:\/\/antoinetome.fr\/wp-content\/uploads\/2024\/03\/blicite1.jpg\" alt=\"\" class=\"wp-image-1004\" style=\"width:416px;height:auto\" srcset=\"https:\/\/antoinetome.fr\/wp-content\/uploads\/2024\/03\/blicite1.jpg 533w, https:\/\/antoinetome.fr\/wp-content\/uploads\/2024\/03\/blicite1-300x169.jpg 300w\" sizes=\"auto, (max-width: 533px) 100vw, 533px\" \/><\/figure>\n<\/div>\n\n\n\n<div class=\"wp-block-column is-layout-flow wp-block-column-is-layout-flow\">\n<figure class=\"wp-block-image size-full\"><img loading=\"lazy\" decoding=\"async\" width=\"501\" height=\"300\" src=\"http:\/\/antoinetome.fr\/wp-content\/uploads\/2024\/03\/blicite2.jpg\" alt=\"\" class=\"wp-image-1005\" srcset=\"https:\/\/antoinetome.fr\/wp-content\/uploads\/2024\/03\/blicite2.jpg 501w, https:\/\/antoinetome.fr\/wp-content\/uploads\/2024\/03\/blicite2-300x180.jpg 300w, https:\/\/antoinetome.fr\/wp-content\/uploads\/2024\/03\/blicite2-240x145.jpg 240w\" sizes=\"auto, (max-width: 501px) 100vw, 501px\" \/><\/figure>\n<\/div>\n<\/div>\n\n\n\n<figure class=\"wp-block-table has-medium-font-size\"><table class=\"has-luminous-vivid-amber-background-color has-background\"><tbody><tr><td class=\"has-text-align-center\" data-align=\"center\"><strong>Actualit\u00e9s<\/strong><\/td><\/tr><\/tbody><\/table><\/figure>\n\n\n\n<div class=\"wp-block-columns is-layout-flex wp-container-core-columns-is-layout-9d6595d7 wp-block-columns-is-layout-flex\">\n<div class=\"wp-block-column is-layout-flow wp-block-column-is-layout-flow\">\n<div class=\"wp-block-columns is-layout-flex wp-container-core-columns-is-layout-9d6595d7 wp-block-columns-is-layout-flex\">\n<div class=\"wp-block-column is-layout-flow wp-block-column-is-layout-flow\">\n<figure class=\"wp-block-embed is-type-video is-provider-youtube wp-block-embed-youtube wp-embed-aspect-16-9 wp-has-aspect-ratio\"><div class=\"wp-block-embed__wrapper\">\n<iframe loading=\"lazy\" title=\"Antoine Tom\u00e9 &quot;Maria l&#039;orage&quot;\" width=\"640\" height=\"360\" src=\"https:\/\/www.youtube.com\/embed\/op0vjIrn920?feature=oembed\" frameborder=\"0\" allow=\"accelerometer; autoplay; clipboard-write; encrypted-media; gyroscope; picture-in-picture; web-share\" referrerpolicy=\"strict-origin-when-cross-origin\" allowfullscreen><\/iframe>\n<\/div><\/figure>\n<\/div>\n\n\n\n<div class=\"wp-block-column is-layout-flow wp-block-column-is-layout-flow\">\n<pre class=\"wp-block-preformatted\">Antoine Tom\u00e9 : paroles, musique, voix , tricardon <br>Dominique Larose : ch\u0153urs f\u00e9minins <br>Gilbert Azzam : guitare \u00e9lectrique <br>Fr\u00e9d\u00e9ric Tronche : basse <br>Laurian Daire : piano <br>Thierry Payssan : claviers <br>Aur\u00e9lien Meunier : trompette et bugle <br>Christophe Sarlin : Batterie et programmation <br>R\u00e9alisation et arrangements : Antoine Tom\u00e9 et Christophe Sarlin<\/pre>\n<\/div>\n<\/div>\n<\/div>\n<\/div>\n\n\n<ul class=\"wp-block-latest-posts__list is-grid columns-3 wp-block-latest-posts\"><li><a class=\"wp-block-latest-posts__post-title\" href=\"https:\/\/antoinetome.fr\/index.php\/2025\/02\/01\/clip-desert\/\">Clip \u00ab\u00a0D\u00e9sert\u00a0\u00bb<\/a><div class=\"wp-block-latest-posts__post-excerpt\">Extrait du volume 5 des Romantik Tubes : \u00ab\u00a0D\u00e9sert\u00a0\u00bb Antoine Tom\u00e9 : Paroles, musique Voix et tricardon Gilbert Azzam : Guitare \u00e9lectrique Frederic Tronche : Contrebasse Pierre Baillot : Oud et fl\u00fbtes Laurian Daire: Piano Didier Marty : Saxophones Steve Shehan : Percussions Azrael Tom\u00e9 : Mandole Pascale-Dr\u00e9a Stanislas : r\u00e9alisation, montage et \u00e9talonnage du clip Christophe Kriss Sarlin : enregistrement, programmation, mixage, et gravure, au studio du Regard \u00e0 Alfortville R\u00e9alisation : Antoine Tom\u00e9 et Christophe Kriss Sarlin<\/div><\/li>\n<li><a class=\"wp-block-latest-posts__post-title\" href=\"https:\/\/antoinetome.fr\/index.php\/2024\/12\/26\/clip-eurydice\/\">Clip: Eurydice<\/a><div class=\"wp-block-latest-posts__post-excerpt\">Extrait de l&rsquo;album \u00ab\u00a0Romantik Tubes\u00a0\u00bb Vol 5 \u00ab\u00a0Eurydice\u00a0\u00bb Antoine Tom\u00e9 : Paroles, musique, Voix lead, Tricardon, Choeurs Guitare Electrique : Gilbert Azzam Piano : David Aubaile, Batterie , Programmations et Timbales : Christophe Kriss Sarlin Choeurs F\u00e9minins : Dominique Larose R\u00e9alisation : Antoine Tom\u00e9 et Christophe Kriss Sarlin Enregistrement, Mixage, Gravure : Christophe Kriss Sarlin au Studio du Regard Images: Pavel Davinuk, Arnold Hazisllari, Ali Alcantara, Pascale Dr\u00e9a-Stanislas Montage, \u00e9talonnage, r\u00e9alisation du clip : Pascale Dr\u00e9a-Stanislas \u00a9 Antoine Tom\u00e9 2024<\/div><\/li>\n<li><a class=\"wp-block-latest-posts__post-title\" href=\"https:\/\/antoinetome.fr\/index.php\/2024\/10\/25\/parution-de-contes-legendes-et-balivernes\/\">Parution de \u00ab\u00a0Contes, L\u00e9gendes et Balivernes\u00a0\u00bb<\/a><div class=\"wp-block-latest-posts__post-excerpt\">Antoine Tom\u00e9 publie aux Editions Eleusis, un nouveau recueil\u00a0 de ses oeuvres , que l&rsquo;on pourra se procurer \u00e0 la Fnac, sur Amazone, \u00e0 la Librairie Mollat, et sur notre site \u00e0 la rubrique \u00ab\u00a0albums et ouvrages\u00ab\u00a0. Dans ce nouvel ouvrage, Antoine Tom\u00e9 tisse, \u00e0 travers po\u00e8mes, r\u00e9cits et compositions th\u00e9\u00e2trales, un univers enchanteur, \u00e9trange, et parfois d\u00e9rangeant, mais toujours captivant\u2026 Ce recueil est une ode \u00e0 la beaut\u00e9 de l\u2019existence, mais aussi un r\u00e9v\u00e9lateur de la complexit\u00e9 de la nature humaine\u2026 Cet artiste aux multiples talents s\u2019attache \u00e0 capturer, au-del\u00e0 des apparences, l\u2019essence divine et les v\u00e9rit\u00e9s obscures\u2026 <a class=\"wp-block-latest-posts__read-more\" href=\"https:\/\/antoinetome.fr\/index.php\/2024\/10\/25\/parution-de-contes-legendes-et-balivernes\/\" rel=\"noopener noreferrer\">Lire la suite<span class=\"screen-reader-text\">\u00a0: Parution de \u00ab\u00a0Contes, L\u00e9gendes et Balivernes\u00a0\u00bb<\/span><\/a><\/div><\/li>\n<li><a class=\"wp-block-latest-posts__post-title\" href=\"https:\/\/antoinetome.fr\/index.php\/2024\/10\/05\/ou-allez-vous-fils-du-soleil\/\">\u00ab\u00a0O\u00f9 allez-vous fils du soleil ?\u00a0\u00bb (vid\u00e9o)<\/a><div class=\"wp-block-latest-posts__post-excerpt\">Premier extrait du Volume 5&Prime; des ROMANTIK TUBESParoles et musique Antoine Tom\u00e9R\u00e9alisation: Antoine Tom\u00e9 et Christophe Sarlin.Clip de Pascale Drea-Stanislas<\/div><\/li>\n<li><a class=\"wp-block-latest-posts__post-title\" href=\"https:\/\/antoinetome.fr\/index.php\/2024\/09\/10\/nouveau-clip\/\">Nouveau clip !<\/a><div class=\"wp-block-latest-posts__post-excerpt\">voici, extrait du volume 4 des Romantik Tubes, le nouveau clip d&rsquo;antoine Tom\u00e9: \u00ab\u00a0De l&rsquo;autre c\u00f4t\u00e9\u00a0\u00bb.<\/div><\/li>\n<\/ul>\n\n\n<hr class=\"wp-block-separator has-alpha-channel-opacity\"\/>\n\n\n\n<div class=\"wp-block-columns is-layout-flex wp-container-core-columns-is-layout-9d6595d7 wp-block-columns-is-layout-flex\">\n<div class=\"wp-block-column is-layout-flow wp-block-column-is-layout-flow\"><div class=\"wp-block-image\">\n<figure class=\"alignright size-full is-resized\"><img loading=\"lazy\" decoding=\"async\" width=\"500\" height=\"495\" src=\"https:\/\/antoinetome.fr\/wp-content\/uploads\/2024\/09\/lcdc-small.jpg\" alt=\"\" class=\"wp-image-1133\" style=\"width:328px;height:auto\" srcset=\"https:\/\/antoinetome.fr\/wp-content\/uploads\/2024\/09\/lcdc-small.jpg 500w, https:\/\/antoinetome.fr\/wp-content\/uploads\/2024\/09\/lcdc-small-300x297.jpg 300w, https:\/\/antoinetome.fr\/wp-content\/uploads\/2024\/09\/lcdc-small-150x150.jpg 150w\" sizes=\"auto, (max-width: 500px) 100vw, 500px\" \/><\/figure>\n<\/div><\/div>\n\n\n\n<div class=\"wp-block-column is-layout-flow wp-block-column-is-layout-flow\">\n<div class=\"wp-block-group is-vertical is-layout-flex wp-container-core-group-is-layout-76a81b31 wp-block-group-is-layout-flex\">\n<p class=\"has-text-align-left\">Le premier album d&rsquo;Antoine Tom\u00e9<\/p>\n\n\n\n<p>L<strong>es Chants du Coeur<\/strong> est enfin r\u00e9\u00e9dit\u00e9 !<\/p>\n\n\n\n<p>Avec le fameux hit, Je Marche Sans d\u00e9semparer !<\/p>\n\n\n\n<p>Cet album fait parti des r\u00e9\u00e9ditions du label de Mosh\u00e9 Na\u00efm EMEN, D&rsquo;autres vont bient\u00f4t sortir <\/p>\n\n\n\n<p>il est d\u00e9sormais disponible sur toutes les plateformes Itunes, Spotify, etc&#8230; <\/p>\n<\/div>\n\n\n\n<p><\/p>\n<\/div>\n<\/div>\n\n\n\n<p class=\"has-text-align-center has-white-background-color has-background has-small-font-size\"><strong><a href=\"https:\/\/antoinetome.fr\/index.php\/politique-de-confidentialite-2\/\" data-type=\"link\" data-id=\"https:\/\/antoinetome.fr\/index.php\/politique-de-confidentialite-2\/\" target=\"_blank\" rel=\"noreferrer noopener\">Politique de Confidenttialit\u00e9<\/a><\/strong><\/p>\n\n\n\n<hr class=\"wp-block-separator has-alpha-channel-opacity\"\/>\n\n\n\n<p><\/p>\n","protected":false},"excerpt":{"rendered":"<p>Antoine Tom\u00e9 pour les PROS : BIENVENUE SUR LE SITE D\u2019ANTOINE TOM\u00c9COM\u00c9DIEN, DOUBLEUR VOIX, MUSICIEN, JOUEUR DE TRICARDON ET\u2026 ARTISTE PEINTRE \u00c0 SES HEURES PERDUES ! LES PROCHAINS CONCERTS: CONCERT Le 18 f\u00e9vrier 2026 20h30au Conn\u00e9table55, rue des Archives 75003 PARIS Entr\u00e9e Libre Chapeau pour les artistes CONCERT Le 31 octobre 2025 \u00e0 20h30au Conn\u00e9table55, [&hellip;]<\/p>\n","protected":false},"author":1,"featured_media":0,"parent":0,"menu_order":0,"comment_status":"closed","ping_status":"closed","template":"page-template\/ibtana-page-template.php","meta":{"footnotes":""},"class_list":["post-9","page","type-page","status-publish","hentry"],"_links":{"self":[{"href":"https:\/\/antoinetome.fr\/index.php\/wp-json\/wp\/v2\/pages\/9","targetHints":{"allow":["GET"]}}],"collection":[{"href":"https:\/\/antoinetome.fr\/index.php\/wp-json\/wp\/v2\/pages"}],"about":[{"href":"https:\/\/antoinetome.fr\/index.php\/wp-json\/wp\/v2\/types\/page"}],"author":[{"embeddable":true,"href":"https:\/\/antoinetome.fr\/index.php\/wp-json\/wp\/v2\/users\/1"}],"replies":[{"embeddable":true,"href":"https:\/\/antoinetome.fr\/index.php\/wp-json\/wp\/v2\/comments?post=9"}],"version-history":[{"count":121,"href":"https:\/\/antoinetome.fr\/index.php\/wp-json\/wp\/v2\/pages\/9\/revisions"}],"predecessor-version":[{"id":1496,"href":"https:\/\/antoinetome.fr\/index.php\/wp-json\/wp\/v2\/pages\/9\/revisions\/1496"}],"wp:attachment":[{"href":"https:\/\/antoinetome.fr\/index.php\/wp-json\/wp\/v2\/media?parent=9"}],"curies":[{"name":"wp","href":"https:\/\/api.w.org\/{rel}","templated":true}]}}