{"id":71,"date":"2024-01-29T17:29:32","date_gmt":"2024-01-29T16:29:32","guid":{"rendered":"https:\/\/antoinetome.fr\/?page_id=71"},"modified":"2024-02-09T15:59:32","modified_gmt":"2024-02-09T14:59:32","slug":"doublage","status":"publish","type":"page","link":"https:\/\/antoinetome.fr\/index.php\/doublage\/","title":{"rendered":"Doublage"},"content":{"rendered":"\n<p><\/p>\n\n\n\n<figure class=\"wp-block-table has-medium-font-size\"><table class=\"has-luminous-vivid-amber-background-color has-background\"><tbody><tr><td class=\"has-text-align-center\" data-align=\"center\"><strong>Doublage<\/strong><\/td><\/tr><\/tbody><\/table><\/figure>\n\n\n\n<div class=\"wp-block-columns is-layout-flex wp-container-core-columns-is-layout-9d6595d7 wp-block-columns-is-layout-flex\">\n<div class=\"wp-block-column is-layout-flow wp-block-column-is-layout-flow\">\n<figure class=\"wp-block-embed is-type-video is-provider-youtube wp-block-embed-youtube wp-embed-aspect-16-9 wp-has-aspect-ratio\"><div class=\"wp-block-embed__wrapper\">\n<iframe loading=\"lazy\" title=\"Antoine Tom\u00e9 - Com\u00e9dien - D\u00e9mo Doublage Cin\u00e9ma\" width=\"640\" height=\"360\" src=\"https:\/\/www.youtube.com\/embed\/qepf10q1524?feature=oembed\" frameborder=\"0\" allow=\"accelerometer; autoplay; clipboard-write; encrypted-media; gyroscope; picture-in-picture; web-share\" referrerpolicy=\"strict-origin-when-cross-origin\" allowfullscreen><\/iframe>\n<\/div><figcaption class=\"wp-element-caption\">Doublages CINEMA<\/figcaption><\/figure>\n\n\n\n<div class=\"wp-block-columns is-layout-flex wp-container-core-columns-is-layout-9d6595d7 wp-block-columns-is-layout-flex\">\n<div class=\"wp-block-column is-layout-flow wp-block-column-is-layout-flow\">\n<figure class=\"wp-block-embed is-type-video is-provider-youtube wp-block-embed-youtube wp-embed-aspect-16-9 wp-has-aspect-ratio\"><div class=\"wp-block-embed__wrapper\">\n<iframe loading=\"lazy\" title=\"Antoine Tom\u00e9 - Com\u00e9dien - D\u00e9mo Doublage s\u00e9ries TV\" width=\"640\" height=\"360\" src=\"https:\/\/www.youtube.com\/embed\/GFzE2iLIvM0?feature=oembed\" frameborder=\"0\" allow=\"accelerometer; autoplay; clipboard-write; encrypted-media; gyroscope; picture-in-picture; web-share\" referrerpolicy=\"strict-origin-when-cross-origin\" allowfullscreen><\/iframe>\n<\/div><figcaption class=\"wp-element-caption\">Doublages de SERIES<\/figcaption><\/figure>\n\n\n\n<div class=\"wp-block-columns is-layout-flex wp-container-core-columns-is-layout-9d6595d7 wp-block-columns-is-layout-flex\">\n<div class=\"wp-block-column is-layout-flow wp-block-column-is-layout-flow\">\n<figure class=\"wp-block-embed is-type-video is-provider-youtube wp-block-embed-youtube wp-embed-aspect-4-3 wp-has-aspect-ratio\"><div class=\"wp-block-embed__wrapper\">\n<iframe loading=\"lazy\" title=\"Antoine Tom\u00e9 - Com\u00e9dien - Narration de documentaires\" width=\"640\" height=\"480\" src=\"https:\/\/www.youtube.com\/embed\/3dn_8BMGGfw?feature=oembed\" frameborder=\"0\" allow=\"accelerometer; autoplay; clipboard-write; encrypted-media; gyroscope; picture-in-picture; web-share\" referrerpolicy=\"strict-origin-when-cross-origin\" allowfullscreen><\/iframe>\n<\/div><figcaption class=\"wp-element-caption\">NARRATION  de DOCUMENTAIRES<\/figcaption><\/figure>\n<\/div>\n<\/div>\n<\/div>\n<\/div>\n<\/div>\n\n\n\n<div class=\"wp-block-column is-layout-flow wp-block-column-is-layout-flow\">\n<figure class=\"wp-block-embed is-type-video is-provider-youtube wp-block-embed-youtube wp-embed-aspect-16-9 wp-has-aspect-ratio\"><div class=\"wp-block-embed__wrapper\">\n<iframe loading=\"lazy\" title=\"Antoine Tom\u00e9 - Com\u00e9dien - Showreel Publicit\u00e9 TV Cin\u00e9ma\" width=\"640\" height=\"360\" src=\"https:\/\/www.youtube.com\/embed\/RFGDKgcbK2k?feature=oembed\" frameborder=\"0\" allow=\"accelerometer; autoplay; clipboard-write; encrypted-media; gyroscope; picture-in-picture; web-share\" referrerpolicy=\"strict-origin-when-cross-origin\" allowfullscreen><\/iframe>\n<\/div><figcaption class=\"wp-element-caption\">Doublages PUBLICITES<\/figcaption><\/figure>\n\n\n\n<figure class=\"wp-block-embed is-type-video is-provider-youtube wp-block-embed-youtube wp-embed-aspect-16-9 wp-has-aspect-ratio\"><div class=\"wp-block-embed__wrapper\">\n<iframe loading=\"lazy\" title=\"Antoine Tom\u00e9 - Com\u00e9dien - D\u00e9mo Doublage Jeux Vid\u00e9os\" width=\"640\" height=\"360\" src=\"https:\/\/www.youtube.com\/embed\/v2o0V2MqzBo?feature=oembed\" frameborder=\"0\" allow=\"accelerometer; autoplay; clipboard-write; encrypted-media; gyroscope; picture-in-picture; web-share\" referrerpolicy=\"strict-origin-when-cross-origin\" allowfullscreen><\/iframe>\n<\/div><figcaption class=\"wp-element-caption\">Doublages de JEUX VIDEO<\/figcaption><\/figure>\n\n\n\n<div class=\"wp-block-columns is-layout-flex wp-container-core-columns-is-layout-9d6595d7 wp-block-columns-is-layout-flex\">\n<div class=\"wp-block-column is-layout-flow wp-block-column-is-layout-flow\">\n<div class=\"wp-block-group has-small-font-size is-vertical is-layout-flex wp-container-core-group-is-layout-8cf370e7 wp-block-group-is-layout-flex\">\n<p><strong>DOUBLAGE VOIX : LE VOICE OVER<\/strong><strong><\/strong><\/p>\n\n\n\n<ul class=\"wp-block-list\">\n<li><strong>A<\/strong>NTOINE TOM\u00c9 EST LA VOIX FRAN\u00c7AISE DE NOMBREUX COM\u00c9DIENS, COMME NICOLAS CAGE, BRUCE CAMPBELL, DENNIS QUAID, JOHN TRAVOLTA, ETC.<\/li>\n<\/ul>\n\n\n\n<ul class=\"wp-block-list\">\n<li>Acteur depuis des ann\u00e9es, Antoine Tom\u00e9 apporte sa voix aux publicit\u00e9s et aux Jeux Vid\u00e9o.<\/li>\n\n\n\n<li>Vous pouvez aussi visiter sa cha\u00eene Youtube afin de visionner des extraits ou clip vid\u00e9os.<\/li>\n\n\n\n<li><a href=\"https:\/\/www.youtube.com\/channel\/UCR16U_tsZ9nCfqpIKQKtY9A\" target=\"_blank\" rel=\"noreferrer noopener\"><strong>CHAINE YOUTUBE<\/strong><\/a><\/li>\n\n\n\n<li><strong>Liste compl\u00e8te des doublages voix<br>d\u2019Antoine Tom\u00e9 sur voxingpro.com<\/strong><\/li>\n\n\n\n<li><a href=\"https:\/\/www.voxingpro.com\/antoine-tome\" target=\"_blank\" rel=\"noreferrer noopener\"><strong>ANTOINE TOM\u00c9 SUR VOXING PRO<\/strong><\/a><\/li>\n<\/ul>\n<\/div>\n<\/div>\n<\/div>\n<\/div>\n<\/div>\n\n\n\n<figure class=\"wp-block-table\"><table class=\"has-black-color has-luminous-vivid-amber-background-color has-text-color has-background has-link-color\"><tbody><tr><td class=\"has-text-align-center\" data-align=\"center\">D&rsquo;autres exemples de<strong> doublages de dessins anim\u00e9s <\/strong>et<strong> Mangas<\/strong><\/td><\/tr><\/tbody><\/table><\/figure>\n\n\n\n<div class=\"wp-block-columns is-layout-flex wp-container-core-columns-is-layout-9d6595d7 wp-block-columns-is-layout-flex\">\n<div class=\"wp-block-column is-layout-flow wp-block-column-is-layout-flow\">\n<figure class=\"wp-block-video\"><video height=\"480\" style=\"aspect-ratio: 854 \/ 480;\" width=\"854\" controls src=\"http:\/\/antoinetome.fr\/wp-content\/uploads\/2024\/02\/doublage-mangas-1.mp4\"><\/video><\/figure>\n<\/div>\n\n\n\n<div class=\"wp-block-column is-layout-flow wp-block-column-is-layout-flow\"><\/div>\n<\/div>\n\n\n\n<div class=\"wp-block-columns is-layout-flex wp-container-core-columns-is-layout-9d6595d7 wp-block-columns-is-layout-flex\">\n<div class=\"wp-block-column is-layout-flow wp-block-column-is-layout-flow\">\n<figure class=\"wp-block-embed is-type-video is-provider-youtube wp-block-embed-youtube wp-embed-aspect-4-3 wp-has-aspect-ratio\"><div class=\"wp-block-embed__wrapper\">\n<iframe loading=\"lazy\" title=\"Antoine Tom\u00e9 &quot;Papillon&quot; | Extrait de la bande originale du film &quot;Miraculous&quot;\" width=\"640\" height=\"480\" src=\"https:\/\/www.youtube.com\/embed\/8Y3XWDlgs6I?feature=oembed\" frameborder=\"0\" allow=\"accelerometer; autoplay; clipboard-write; encrypted-media; gyroscope; picture-in-picture; web-share\" referrerpolicy=\"strict-origin-when-cross-origin\" allowfullscreen><\/iframe>\n<\/div><\/figure>\n<\/div>\n\n\n\n<div class=\"wp-block-column is-layout-flow wp-block-column-is-layout-flow\">\n<p><a href=\"https:\/\/www.facebook.com\/antoine.tomm?__tn__=-]K-R\"><br>Antoine Tom\u00e9<\/a>&nbsp;chante la chanson du Papillon dans le film Miraculous, avec Martial Le Minoux dans le&nbsp;r\u00f4le de Nooroo <\/p>\n<\/div>\n<\/div>\n","protected":false},"excerpt":{"rendered":"<p>Doublage DOUBLAGE VOIX : LE VOICE OVER D&rsquo;autres exemples de doublages de dessins anim\u00e9s et Mangas Antoine Tom\u00e9&nbsp;chante la chanson du Papillon dans le film Miraculous, avec Martial Le Minoux dans le&nbsp;r\u00f4le de Nooroo<\/p>\n","protected":false},"author":1,"featured_media":0,"parent":0,"menu_order":0,"comment_status":"closed","ping_status":"closed","template":"page-template\/ibtana-page-template.php","meta":{"footnotes":""},"class_list":["post-71","page","type-page","status-publish","hentry"],"_links":{"self":[{"href":"https:\/\/antoinetome.fr\/index.php\/wp-json\/wp\/v2\/pages\/71","targetHints":{"allow":["GET"]}}],"collection":[{"href":"https:\/\/antoinetome.fr\/index.php\/wp-json\/wp\/v2\/pages"}],"about":[{"href":"https:\/\/antoinetome.fr\/index.php\/wp-json\/wp\/v2\/types\/page"}],"author":[{"embeddable":true,"href":"https:\/\/antoinetome.fr\/index.php\/wp-json\/wp\/v2\/users\/1"}],"replies":[{"embeddable":true,"href":"https:\/\/antoinetome.fr\/index.php\/wp-json\/wp\/v2\/comments?post=71"}],"version-history":[{"count":21,"href":"https:\/\/antoinetome.fr\/index.php\/wp-json\/wp\/v2\/pages\/71\/revisions"}],"predecessor-version":[{"id":804,"href":"https:\/\/antoinetome.fr\/index.php\/wp-json\/wp\/v2\/pages\/71\/revisions\/804"}],"wp:attachment":[{"href":"https:\/\/antoinetome.fr\/index.php\/wp-json\/wp\/v2\/media?parent=71"}],"curies":[{"name":"wp","href":"https:\/\/api.w.org\/{rel}","templated":true}]}}