{"id":1208,"date":"2024-10-25T13:42:35","date_gmt":"2024-10-25T11:42:35","guid":{"rendered":"https:\/\/antoinetome.fr\/?page_id=1208"},"modified":"2024-12-23T10:04:18","modified_gmt":"2024-12-23T09:04:18","slug":"contes-legendes-et-balivernes","status":"publish","type":"page","link":"https:\/\/antoinetome.fr\/index.php\/contes-legendes-et-balivernes\/","title":{"rendered":"Contes, L\u00e9gendes et Balivernes"},"content":{"rendered":"\n<figure class=\"wp-block-table has-medium-font-size\"><table class=\"has-luminous-vivid-amber-background-color has-background\"><tbody><tr><td class=\"has-text-align-center\" data-align=\"center\"><strong>Contes, L\u00e9gendes et Balivernes<\/strong><\/td><\/tr><\/tbody><\/table><\/figure>\n\n\n\n\n\n\n<p>Dans ce nouvel ouvrage, Antoine Tom\u00e9 tisse, \u00e0 travers po\u00e8mes, r\u00e9cits et compositions th\u00e9\u00e2trales, un univers enchanteur, \u00e9trange, et parfois d\u00e9rangeant, mais toujours captivant\u2026<\/p>\n\n\n\n<p>Ce recueil est une ode \u00e0 la beaut\u00e9 de l\u2019existence, mais aussi un r\u00e9v\u00e9lateur de la complexit\u00e9 de la nature humaine\u2026<\/p>\n\n\n\n<p>Cet artiste aux multiples talents s\u2019attache \u00e0 capturer, au-del\u00e0 des apparences, l\u2019essence divine et les v\u00e9rit\u00e9s obscures de notre terrestre condition.<\/p>\n\n\n\n<div class=\"wp-block-columns is-layout-flex wp-container-core-columns-is-layout-9d6595d7 wp-block-columns-is-layout-flex\">\n<div class=\"wp-block-column is-layout-flow wp-block-column-is-layout-flow\" style=\"flex-basis:33.33%\"><div class=\"wp-block-image\">\n<figure class=\"alignright size-large is-resized\"><img loading=\"lazy\" decoding=\"async\" width=\"768\" height=\"1024\" src=\"https:\/\/antoinetome.fr\/wp-content\/uploads\/2024\/10\/etoiles1-768x1024.jpg\" alt=\"\" class=\"wp-image-1210\" style=\"width:259px;height:auto\" srcset=\"https:\/\/antoinetome.fr\/wp-content\/uploads\/2024\/10\/etoiles1-768x1024.jpg 768w, https:\/\/antoinetome.fr\/wp-content\/uploads\/2024\/10\/etoiles1-225x300.jpg 225w, https:\/\/antoinetome.fr\/wp-content\/uploads\/2024\/10\/etoiles1-1152x1536.jpg 1152w, https:\/\/antoinetome.fr\/wp-content\/uploads\/2024\/10\/etoiles1.jpg 1200w\" sizes=\"auto, (max-width: 768px) 100vw, 768px\" \/><\/figure>\n<\/div><\/div>\n\n\n\n<div class=\"wp-block-column is-layout-flow wp-block-column-is-layout-flow\" style=\"flex-basis:66.66%\"><div class=\"wp-block-image\">\n<figure class=\"alignleft size-full is-resized\"><img loading=\"lazy\" decoding=\"async\" width=\"828\" height=\"586\" src=\"https:\/\/antoinetome.fr\/wp-content\/uploads\/2024\/10\/couv.jpg\" alt=\"\" class=\"wp-image-1211\" style=\"width:496px;height:auto\" srcset=\"https:\/\/antoinetome.fr\/wp-content\/uploads\/2024\/10\/couv.jpg 828w, https:\/\/antoinetome.fr\/wp-content\/uploads\/2024\/10\/couv-300x212.jpg 300w, https:\/\/antoinetome.fr\/wp-content\/uploads\/2024\/10\/couv-768x544.jpg 768w\" sizes=\"auto, (max-width: 828px) 100vw, 828px\" \/><\/figure>\n<\/div><\/div>\n<\/div>\n\n\n\n<p><strong>Participation aux frais<\/strong> : 15\u20ac + frais d&rsquo;exp\u00e9dition<br>Demandez votre exemplaire \u00e0 la rubrique \u00ab\u00a0<a href=\"https:\/\/antoinetome.fr\/index.php\/contact\/\" target=\"_blank\" rel=\"noreferrer noopener\">contact<\/a>\u00ab\u00a0en indiquant l&rsquo;adresse de livraison<\/p>\n\n\n\n<p><strong>1)\u00b0<\/strong>&nbsp;Participer aux frais d\u2019exp\u00e9dition pour une commande<strong>: <\/strong>8\u20ac<\/p>\n\n\n<div class=\"wp_cart_button_wrapper\"><form method=\"post\" class=\"wp-cart-button-form\" action=\"\" style=\"display:inline\" onsubmit=\"return ReadForm(this, true);\" ><input type=\"hidden\" id=\"_wpnonce\" name=\"_wpnonce\" value=\"0696e0e252\" \/><input type=\"hidden\" name=\"_wp_http_referer\" value=\"\/index.php\/wp-json\/wp\/v2\/pages\/1208\" \/><input type=\"submit\" class=\"wspsc_add_cart_submit\" name=\"wspsc_add_cart_submit\" value=\"Ajouter au panier\" \/><input type=\"hidden\" name=\"wspsc_product\" value=\"extedition1\" \/><input type=\"hidden\" name=\"price\" value=\"8.00\" \/><input type=\"hidden\" name=\"shipping\" value=\"0\" \/><input type=\"hidden\" name=\"addcart\" value=\"1\" \/><input type=\"hidden\" name=\"cartLink\" value=\"https:\/\/antoinetome.fr\/wp-json\/wp\/v2\/pages\/1208\" \/><input type=\"hidden\" name=\"product_tmp\" value=\"extedition1\" \/><input type=\"hidden\" name=\"product_tmp_two\" value=\"extedition1\" \/><input type=\"hidden\" name=\"item_number\" value=\"\" \/><\/form><\/div>\n\n\n\n<hr class=\"wp-block-separator has-alpha-channel-opacity\"\/>\n\n\n\n<p><strong>2\u00b0) demander mon exemplaire!<\/strong><\/p>\n\n\n<div class=\"wp_cart_button_wrapper\"><form method=\"post\" class=\"wp-cart-button-form\" action=\"\" style=\"display:inline\" onsubmit=\"return ReadForm(this, true);\" ><input type=\"hidden\" id=\"_wpnonce\" name=\"_wpnonce\" value=\"0696e0e252\" \/><input type=\"hidden\" name=\"_wp_http_referer\" value=\"\/index.php\/wp-json\/wp\/v2\/pages\/1208\" \/><input type=\"submit\" class=\"wspsc_add_cart_submit\" name=\"wspsc_add_cart_submit\" value=\"Ajouter au panier\" \/><input type=\"hidden\" name=\"wspsc_product\" value=\"Contes et legendes et balivernes\" \/><input type=\"hidden\" name=\"price\" value=\"15.00\" \/><input type=\"hidden\" name=\"shipping\" value=\"0\" \/><input type=\"hidden\" name=\"addcart\" value=\"1\" \/><input type=\"hidden\" name=\"cartLink\" value=\"https:\/\/antoinetome.fr\/wp-json\/wp\/v2\/pages\/1208\" \/><input type=\"hidden\" name=\"product_tmp\" value=\"Contes et legendes et balivernes\" \/><input type=\"hidden\" name=\"product_tmp_two\" value=\"Contes et legendes et balivernes\" \/><input type=\"hidden\" name=\"item_number\" value=\"\" \/><\/form><\/div>\n\n\n\n<p><\/p>\n","protected":false},"excerpt":{"rendered":"<p>Contes, L\u00e9gendes et Balivernes Dans ce nouvel ouvrage, Antoine Tom\u00e9 tisse, \u00e0 travers po\u00e8mes, r\u00e9cits et compositions th\u00e9\u00e2trales, un univers enchanteur, \u00e9trange, et parfois d\u00e9rangeant, mais toujours captivant\u2026 Ce recueil est une ode \u00e0 la beaut\u00e9 de l\u2019existence, mais aussi un r\u00e9v\u00e9lateur de la complexit\u00e9 de la nature humaine\u2026 Cet artiste aux multiples talents s\u2019attache [&hellip;]<\/p>\n","protected":false},"author":1,"featured_media":0,"parent":0,"menu_order":0,"comment_status":"closed","ping_status":"closed","template":"","meta":{"footnotes":""},"class_list":["post-1208","page","type-page","status-publish","hentry"],"_links":{"self":[{"href":"https:\/\/antoinetome.fr\/index.php\/wp-json\/wp\/v2\/pages\/1208","targetHints":{"allow":["GET"]}}],"collection":[{"href":"https:\/\/antoinetome.fr\/index.php\/wp-json\/wp\/v2\/pages"}],"about":[{"href":"https:\/\/antoinetome.fr\/index.php\/wp-json\/wp\/v2\/types\/page"}],"author":[{"embeddable":true,"href":"https:\/\/antoinetome.fr\/index.php\/wp-json\/wp\/v2\/users\/1"}],"replies":[{"embeddable":true,"href":"https:\/\/antoinetome.fr\/index.php\/wp-json\/wp\/v2\/comments?post=1208"}],"version-history":[{"count":10,"href":"https:\/\/antoinetome.fr\/index.php\/wp-json\/wp\/v2\/pages\/1208\/revisions"}],"predecessor-version":[{"id":1250,"href":"https:\/\/antoinetome.fr\/index.php\/wp-json\/wp\/v2\/pages\/1208\/revisions\/1250"}],"wp:attachment":[{"href":"https:\/\/antoinetome.fr\/index.php\/wp-json\/wp\/v2\/media?parent=1208"}],"curies":[{"name":"wp","href":"https:\/\/api.w.org\/{rel}","templated":true}]}}

Contes, Légendes et Balivernes

<figure class="wp-block-table has-medium-font-size"><table class="has-luminous-vivid-amber-background-color has-background"><tbody><tr><td class="has-text-align-center" data-align="center"><strong>Contes, Légendes et Balivernes</strong></td></tr></tbody></table></figure>






<p>Dans ce nouvel ouvrage, Antoine Tomé tisse, à travers poèmes, récits et compositions théâtrales, un univers enchanteur, étrange, et parfois dérangeant, mais toujours captivant…</p>



<p>Ce recueil est une ode à la beauté de l’existence, mais aussi un révélateur de la complexité de la nature humaine…</p>



<p>Cet artiste aux multiples talents s’attache à capturer, au-delà des apparences, l’essence divine et les vérités obscures de notre terrestre condition.</p>



<div class="wp-block-columns is-layout-flex wp-container-core-columns-is-layout-9d6595d7 wp-block-columns-is-layout-flex">
<div class="wp-block-column is-layout-flow wp-block-column-is-layout-flow" style="flex-basis:33.33%"><div class="wp-block-image">
<figure class="alignright size-large is-resized"><img loading="lazy" decoding="async" width="768" height="1024" src="https://antoinetome.fr/wp-content/uploads/2024/10/etoiles1-768x1024.jpg" alt="" class="wp-image-1210" style="width:259px;height:auto" srcset="https://antoinetome.fr/wp-content/uploads/2024/10/etoiles1-768x1024.jpg 768w, https://antoinetome.fr/wp-content/uploads/2024/10/etoiles1-225x300.jpg 225w, https://antoinetome.fr/wp-content/uploads/2024/10/etoiles1-1152x1536.jpg 1152w, https://antoinetome.fr/wp-content/uploads/2024/10/etoiles1.jpg 1200w" sizes="auto, (max-width: 768px) 100vw, 768px" /></figure>
</div></div>



<div class="wp-block-column is-layout-flow wp-block-column-is-layout-flow" style="flex-basis:66.66%"><div class="wp-block-image">
<figure class="alignleft size-full is-resized"><img loading="lazy" decoding="async" width="828" height="586" src="https://antoinetome.fr/wp-content/uploads/2024/10/couv.jpg" alt="" class="wp-image-1211" style="width:496px;height:auto" srcset="https://antoinetome.fr/wp-content/uploads/2024/10/couv.jpg 828w, https://antoinetome.fr/wp-content/uploads/2024/10/couv-300x212.jpg 300w, https://antoinetome.fr/wp-content/uploads/2024/10/couv-768x544.jpg 768w" sizes="auto, (max-width: 828px) 100vw, 828px" /></figure>
</div></div>
</div>



<p><strong>Participation aux frais</strong> : 15€ + frais d&rsquo;expédition<br>Demandez votre exemplaire à la rubrique « <a href="https://antoinetome.fr/index.php/contact/" target="_blank" rel="noreferrer noopener">contact</a>« en indiquant l&rsquo;adresse de livraison</p>



<p><strong>1)°</strong>&nbsp;Participer aux frais d’expédition pour une commande<strong>: </strong>8€</p>


<div class="wp_cart_button_wrapper"><form method="post" class="wp-cart-button-form" action="" style="display:inline" onsubmit="return ReadForm(this, true);" ><input type="hidden" id="_wpnonce" name="_wpnonce" value="0696e0e252" /><input type="hidden" name="_wp_http_referer" value="/index.php/wp-json/wp/v2/pages/1208" /><input type="submit" class="wspsc_add_cart_submit" name="wspsc_add_cart_submit" value="Ajouter au panier" /><input type="hidden" name="wspsc_product" value="extedition1" /><input type="hidden" name="price" value="8.00" /><input type="hidden" name="shipping" value="0" /><input type="hidden" name="addcart" value="1" /><input type="hidden" name="cartLink" value="https://antoinetome.fr/wp-json/wp/v2/pages/1208" /><input type="hidden" name="product_tmp" value="extedition1" /><input type="hidden" name="product_tmp_two" value="extedition1" /><input type="hidden" name="item_number" value="" /></form></div>



<hr class="wp-block-separator has-alpha-channel-opacity"/>



<p><strong>2°) demander mon exemplaire!</strong></p>


<div class="wp_cart_button_wrapper"><form method="post" class="wp-cart-button-form" action="" style="display:inline" onsubmit="return ReadForm(this, true);" ><input type="hidden" id="_wpnonce" name="_wpnonce" value="0696e0e252" /><input type="hidden" name="_wp_http_referer" value="/index.php/wp-json/wp/v2/pages/1208" /><input type="submit" class="wspsc_add_cart_submit" name="wspsc_add_cart_submit" value="Ajouter au panier" /><input type="hidden" name="wspsc_product" value="Contes et legendes et balivernes" /><input type="hidden" name="price" value="15.00" /><input type="hidden" name="shipping" value="0" /><input type="hidden" name="addcart" value="1" /><input type="hidden" name="cartLink" value="https://antoinetome.fr/wp-json/wp/v2/pages/1208" /><input type="hidden" name="product_tmp" value="Contes et legendes et balivernes" /><input type="hidden" name="product_tmp_two" value="Contes et legendes et balivernes" /><input type="hidden" name="item_number" value="" /></form></div>



<p></p>

<p>Contes, Légendes et Balivernes Dans ce nouvel ouvrage, Antoine Tomé tisse, à travers poèmes, récits et compositions théâtrales, un univers enchanteur, étrange, et parfois dérangeant, mais toujours captivant… Ce recueil est une ode à la beauté de l’existence, mais aussi un révélateur de la complexité de la nature humaine… Cet artiste aux multiples talents s’attache [&hellip;]</p>
